{"id":639,"date":"2021-03-09T20:56:15","date_gmt":"2021-03-09T20:56:15","guid":{"rendered":"https:\/\/rosegg.axandu.com\/?page_id=639"},"modified":"2024-09-05T08:35:14","modified_gmt":"2024-09-05T08:35:14","slug":"kultur","status":"publish","type":"page","link":"https:\/\/rosegg.gv.at\/italienisch\/kultur\/","title":{"rendered":"Cultura"},"content":{"rendered":"<div data-elementor-type=\"wp-page\" data-elementor-id=\"639\" class=\"elementor elementor-639\" data-elementor-post-type=\"page\">\n\t\t\t\t\t\t<section class=\"elementor-section elementor-top-section elementor-element elementor-element-3285c1be elementor-section-height-min-height elementor-section-boxed elementor-section-height-default elementor-section-items-middle\" data-id=\"3285c1be\" data-element_type=\"section\" data-e-type=\"section\" data-settings=\"{&quot;background_background&quot;:&quot;slideshow&quot;,&quot;shape_divider_bottom&quot;:&quot;arrow&quot;,&quot;background_slideshow_gallery&quot;:[{&quot;id&quot;:279,&quot;url&quot;:&quot;https:\\\/\\\/rosegg.axandu.com\\\/wp-content\\\/uploads\\\/2021\\\/03\\\/rosegg028-1-scaled.jpg&quot;},{&quot;id&quot;:288,&quot;url&quot;:&quot;https:\\\/\\\/rosegg.axandu.com\\\/wp-content\\\/uploads\\\/2021\\\/03\\\/Petelin-Winter-scaled.jpg&quot;}],&quot;background_slideshow_ken_burns&quot;:&quot;yes&quot;,&quot;background_slideshow_loop&quot;:&quot;yes&quot;,&quot;background_slideshow_slide_duration&quot;:5000,&quot;background_slideshow_slide_transition&quot;:&quot;fade&quot;,&quot;background_slideshow_transition_duration&quot;:500,&quot;background_slideshow_ken_burns_zoom_direction&quot;:&quot;in&quot;}\">\n\t\t\t\t\t<div class=\"elementor-shape elementor-shape-bottom\" aria-hidden=\"true\" data-negative=\"false\">\n\t\t\t<svg xmlns=\"http:\/\/www.w3.org\/2000\/svg\" viewbox=\"0 0 700 10\" preserveaspectratio=\"none\">\n\t<path class=\"elementor-shape-fill\" d=\"M350,10L340,0h20L350,10z\"\/>\n<\/svg>\t\t<\/div>\n\t\t\t\t\t<div class=\"elementor-container elementor-column-gap-default\">\n\t\t\t\t\t<div class=\"elementor-column elementor-col-100 elementor-top-column elementor-element elementor-element-63ecd424\" data-id=\"63ecd424\" data-element_type=\"column\" data-e-type=\"column\">\n\t\t\t<div class=\"elementor-widget-wrap elementor-element-populated\">\n\t\t\t\t\t\t<div class=\"elementor-element elementor-element-3effc583 elementor-widget elementor-widget-heading\" data-id=\"3effc583\" data-element_type=\"widget\" data-e-type=\"widget\" data-widget_type=\"heading.default\">\n\t\t\t\t<div class=\"elementor-widget-container\">\n\t\t\t\t\t<h2 class=\"elementor-heading-title elementor-size-large\">Cultura<\/h2>\t\t\t\t<\/div>\n\t\t\t\t<\/div>\n\t\t\t\t\t<\/div>\n\t\t<\/div>\n\t\t\t\t\t<\/div>\n\t\t<\/section>\n\t\t\t\t<section class=\"elementor-section elementor-top-section elementor-element elementor-element-3f1eb56c elementor-section-boxed elementor-section-height-default elementor-section-height-default\" data-id=\"3f1eb56c\" data-element_type=\"section\" data-e-type=\"section\" data-settings=\"{&quot;background_background&quot;:&quot;classic&quot;}\">\n\t\t\t\t\t\t<div class=\"elementor-container elementor-column-gap-default\">\n\t\t\t\t\t<div class=\"elementor-column elementor-col-100 elementor-top-column elementor-element elementor-element-4aeaadf3\" data-id=\"4aeaadf3\" data-element_type=\"column\" data-e-type=\"column\">\n\t\t\t<div class=\"elementor-widget-wrap elementor-element-populated\">\n\t\t\t\t\t\t<div class=\"elementor-element elementor-element-6e1309dd elementor-widget elementor-widget-heading\" data-id=\"6e1309dd\" data-element_type=\"widget\" data-e-type=\"widget\" data-widget_type=\"heading.default\">\n\t\t\t\t<div class=\"elementor-widget-container\">\n\t\t\t\t\t<h2 class=\"elementor-heading-title elementor-size-large\">Diversit\u00e0 culturale a Rosegg<\/h2>\t\t\t\t<\/div>\n\t\t\t\t<\/div>\n\t\t\t\t<div class=\"elementor-element elementor-element-3085e8f9 elementor-widget elementor-widget-heading\" data-id=\"3085e8f9\" data-element_type=\"widget\" data-e-type=\"widget\" data-widget_type=\"heading.default\">\n\t\t\t\t<div class=\"elementor-widget-container\">\n\t\t\t\t\t<h3 class=\"elementor-heading-title elementor-size-large\">Galleria \u0160ikoronja<\/h3>\t\t\t\t<\/div>\n\t\t\t\t<\/div>\n\t\t\t\t<div class=\"elementor-element elementor-element-15cf3bf9 elementor-widget elementor-widget-text-editor\" data-id=\"15cf3bf9\" data-element_type=\"widget\" data-e-type=\"widget\" data-widget_type=\"text-editor.default\">\n\t\t\t\t<div class=\"elementor-widget-container\">\n\t\t\t\t\t\t\t\t\t<p>Die Galerie \u0160ikoronja in Rosegg besteht bereits \u00fcber 35 Jahre. Die Galerie ist ein Ort der permanenten kulturellen Gastfreundschaft und Grenz\u00fcberschreitung.<\/p><p>Questa casa porta tutto dentro di s\u00e9: il fiume, le foreste alluvionali, le Caravanche, le nuvole alla deriva, i confini, la storia, le trasformazioni della gente. Tutto ci\u00f2 che ha toccato la casa \u00e8 conservato. Per pi\u00f9 di tre decenni, \u00e8 stata anche soprattutto arte.<\/p><p>\u00a0<\/p>\t\t\t\t\t\t\t\t<\/div>\n\t\t\t\t<\/div>\n\t\t\t\t<div class=\"elementor-element elementor-element-9f66d50 elementor-widget elementor-widget-button\" data-id=\"9f66d50\" data-element_type=\"widget\" data-e-type=\"widget\" data-widget_type=\"button.default\">\n\t\t\t\t<div class=\"elementor-widget-container\">\n\t\t\t\t\t\t\t\t\t<div class=\"elementor-button-wrapper\">\n\t\t\t\t\t<a class=\"elementor-button elementor-button-link elementor-size-sm\" href=\"https:\/\/www.galerie-sikoronja.at\/\">\n\t\t\t\t\t\t<span class=\"elementor-button-content-wrapper\">\n\t\t\t\t\t\t\t\t\t<span class=\"elementor-button-text\">Alla pagina iniziale<\/span>\n\t\t\t\t\t<\/span>\n\t\t\t\t\t<\/a>\n\t\t\t\t<\/div>\n\t\t\t\t\t\t\t\t<\/div>\n\t\t\t\t<\/div>\n\t\t\t\t<div class=\"elementor-element elementor-element-ab126a0 elementor-widget-divider--view-line elementor-widget elementor-widget-divider\" data-id=\"ab126a0\" data-element_type=\"widget\" data-e-type=\"widget\" data-widget_type=\"divider.default\">\n\t\t\t\t<div class=\"elementor-widget-container\">\n\t\t\t\t\t\t\t<div class=\"elementor-divider\">\n\t\t\t<span class=\"elementor-divider-separator\">\n\t\t\t\t\t\t<\/span>\n\t\t<\/div>\n\t\t\t\t\t\t<\/div>\n\t\t\t\t<\/div>\n\t\t\t\t<div class=\"elementor-element elementor-element-43df0bd elementor-widget elementor-widget-heading\" data-id=\"43df0bd\" data-element_type=\"widget\" data-e-type=\"widget\" data-widget_type=\"heading.default\">\n\t\t\t\t<div class=\"elementor-widget-container\">\n\t\t\t\t\t<h3 class=\"elementor-heading-title elementor-size-large\">mostra.ma.arte<\/h3>\t\t\t\t<\/div>\n\t\t\t\t<\/div>\n\t\t\t\t<div class=\"elementor-element elementor-element-9ea93b1 elementor-widget elementor-widget-text-editor\" data-id=\"9ea93b1\" data-element_type=\"widget\" data-e-type=\"widget\" data-widget_type=\"text-editor.default\">\n\t\t\t\t<div class=\"elementor-widget-container\">\n\t\t\t\t\t\t\t\t\t<p>Dall'1 al 31 agosto 2011 si \u00e8 tenuta la mostra dei dipinti realizzati durante la scuola estiva di pittura con l'artista G\u00fcnther Schifko. I dipinti potevano essere ammirati durante gli orari di apertura dell'ufficio comunale di Rosegg.<\/p>\t\t\t\t\t\t\t\t<\/div>\n\t\t\t\t<\/div>\n\t\t\t\t<div class=\"elementor-element elementor-element-f664399 elementor-widget elementor-widget-toggle\" data-id=\"f664399\" data-element_type=\"widget\" data-e-type=\"widget\" data-widget_type=\"toggle.default\">\n\t\t\t\t<div class=\"elementor-widget-container\">\n\t\t\t\t\t\t\t<div class=\"elementor-toggle\">\n\t\t\t\t\t\t\t<div class=\"elementor-toggle-item\">\n\t\t\t\t\t<div id=\"elementor-tab-title-2581\" class=\"elementor-tab-title\" data-tab=\"1\" role=\"button\" aria-controls=\"elementor-tab-content-2581\" aria-expanded=\"false\">\n\t\t\t\t\t\t\t\t\t\t\t\t<span class=\"elementor-toggle-icon elementor-toggle-icon-left\" aria-hidden=\"true\">\n\t\t\t\t\t\t\t\t\t\t\t\t\t\t\t<span class=\"elementor-toggle-icon-closed\"><i class=\"fas fa-caret-right\"><\/i><\/span>\n\t\t\t\t\t\t\t\t<span class=\"elementor-toggle-icon-opened\"><i class=\"elementor-toggle-icon-opened fas fa-caret-up\"><\/i><\/span>\n\t\t\t\t\t\t\t\t\t\t\t\t\t<\/span>\n\t\t\t\t\t\t\t\t\t\t\t\t<a class=\"elementor-toggle-title\" tabindex=\"0\">Mehr Informationen \u00fcber zeig.ma.kUNSt<\/a>\n\t\t\t\t\t<\/div>\n\n\t\t\t\t\t<div id=\"elementor-tab-content-2581\" class=\"elementor-tab-content elementor-clearfix\" data-tab=\"1\" role=\"region\" aria-labelledby=\"elementor-tab-title-2581\"><div class=\"kunst\"><p>Dal 03 febbraio 2011 al 31 marzo 2011, la mostra della\u00a0<strong>Scuola di pittura con l'artista G\u00fcnter Schifko<\/strong>\u00a0delle immagini create. Le immagini possono essere ammirate durante gli orari di apertura dell'ufficio del comune di Rosegg.<\/p><p>La presentazione dei dipinti della scuola di pittura con G\u00fcnter Schifko nel 2011 ha avuto luogo il 24 febbraio 2011 dalle 15:00 alle 16:00 presso il municipio di Rosegg.<\/p><p>La scuola di pittura Rosegg con G\u00fcnter Schiffko si \u00e8 nel frattempo affermata come un appuntamento fisso per i cittadini creativi di Rosegg e si tiene a Rosegg dal 1999.<\/p><p>Una o due volte all'anno, l'artista Schifko viene a Rosegg e condivide preziosi consigli e trucchi della sua pittura. Introduce i partecipanti a nuove tecniche pittoriche o aiuta a rinfrescare le conoscenze gi\u00e0 acquisite.<\/p><p>La scuola di pittura \u00e8 durata 6 giorni ed \u00e8 stata limitata a un massimo di 8 partecipanti al giorno. Sono stati realizzati dipinti di paesaggi e citt\u00e0, fiori, modernit\u00e0 e nudi.<\/p><p>Direttore artistico della scuola di pittura: G\u00fcnter Schifko<br \/>Organizzazione: Ulrike Kirchenmeier, Inselweg 9, 9232 Duel<br \/>Info e contatti: Signora Ulrike Kirchenmeier, Tel.: 04274\/50539<\/p><p>Chiunque pu\u00f2 partecipare al corso di pittura e anche i nuovi partecipanti sono i benvenuti!<\/p><p><strong>Partecipanti alla scuola di pittura 2011: 20 persone provenienti da Rosegg e dintorni<\/strong><br \/>Brigitte Likar, Annemarie Ruppnig, Renate G\u00f6tz, Brigitte Fugger, Ulrike Kirchmeier, Rosalia Zettel, Alois Simtschitsch, Karl Kopeinig, Robert Hanze, Rosalia Troller, Josefine Seidl, Franz K\u00f6nig, Elvira Mikula, Josefine Bartl, Hermine Reiner, Sunny Kowatsch, Kerstin Jerotschitsch, Laura del negro, Werner Smretschnig, Maria Schober<\/p><\/div><hr \/><div class=\"kunst\"><p>Dal 5 al 31 gennaio 2011, nel municipio di Rosegg, si \u00e8 tenuta la mostra st\u012bll, con sculture di salice, testi e immagini di Claudia Samitz.<br \/>Contatto: e-Mail:\u00a0<a href=\"mailto:c.z-samitz@gmx.at\">c.z-samitz@gmx.at<\/a><\/p><p>Se, in qualit\u00e0 di cittadini di Rosegger, siete interessati a utilizzare i locali dell'ufficio comunale per esprimere la vostra creativit\u00e0 e presentare le vostre opere (quadri, sculture, foto, ...) al pubblico, contattate l'ufficio comunale (Tel. n.: 04274\/2712) o inviate un'e-mail:\u00a0<a href=\"mailto:rosegg@ktn.gde.at\">rosegg@ktn.gde.at<\/a>.<\/p><\/div><\/div>\n\t\t\t\t<\/div>\n\t\t\t\t\t\t\t\t<\/div>\n\t\t\t\t\t\t<\/div>\n\t\t\t\t<\/div>\n\t\t\t\t\t<\/div>\n\t\t<\/div>\n\t\t\t\t\t<\/div>\n\t\t<\/section>\n\t\t\t\t<\/div>","protected":false},"excerpt":{"rendered":"<p>Kultur Kulturenvielfalt in Rosegg Galerie \u0160ikoronja Die Galerie \u0160ikoronja in Rosegg besteht bereits \u00fcber 35 Jahre. Die Galerie ist ein Ort der permanenten kulturellen Gastfreundschaft und Grenz\u00fcberschreitung. Dieses Haus tr\u00e4gt alles in sich: den Fluss, die Auw\u00e4lder, die Karawanken, die ziehenden Wolken, die Grenzen, die Geschichte, die Wandlungen der Menschen. Alles, was das Haus je [&hellip;]<\/p>","protected":false},"author":1,"featured_media":0,"parent":0,"menu_order":0,"comment_status":"closed","ping_status":"closed","template":"","meta":{"footnotes":""},"class_list":["post-639","page","type-page","status-publish","hentry"],"_links":{"self":[{"href":"https:\/\/rosegg.gv.at\/italienisch\/wp-json\/wp\/v2\/pages\/639"}],"collection":[{"href":"https:\/\/rosegg.gv.at\/italienisch\/wp-json\/wp\/v2\/pages"}],"about":[{"href":"https:\/\/rosegg.gv.at\/italienisch\/wp-json\/wp\/v2\/types\/page"}],"author":[{"embeddable":true,"href":"https:\/\/rosegg.gv.at\/italienisch\/wp-json\/wp\/v2\/users\/1"}],"replies":[{"embeddable":true,"href":"https:\/\/rosegg.gv.at\/italienisch\/wp-json\/wp\/v2\/comments?post=639"}],"version-history":[{"count":37,"href":"https:\/\/rosegg.gv.at\/italienisch\/wp-json\/wp\/v2\/pages\/639\/revisions"}],"predecessor-version":[{"id":2672,"href":"https:\/\/rosegg.gv.at\/italienisch\/wp-json\/wp\/v2\/pages\/639\/revisions\/2672"}],"wp:attachment":[{"href":"https:\/\/rosegg.gv.at\/italienisch\/wp-json\/wp\/v2\/media?parent=639"}],"curies":[{"name":"wp","href":"https:\/\/api.w.org\/{rel}","templated":true}]}}

<div data-elementor-type="wp-page" data-elementor-id="639" class="elementor elementor-639" data-elementor-post-type="page">
						<section class="elementor-section elementor-top-section elementor-element elementor-element-3285c1be elementor-section-height-min-height elementor-section-boxed elementor-section-height-default elementor-section-items-middle" data-id="3285c1be" data-element_type="section" data-e-type="section" data-settings="{&quot;background_background&quot;:&quot;slideshow&quot;,&quot;shape_divider_bottom&quot;:&quot;arrow&quot;,&quot;background_slideshow_gallery&quot;:[{&quot;id&quot;:279,&quot;url&quot;:&quot;https:\/\/rosegg.axandu.com\/wp-content\/uploads\/2021\/03\/rosegg028-1-scaled.jpg&quot;},{&quot;id&quot;:288,&quot;url&quot;:&quot;https:\/\/rosegg.axandu.com\/wp-content\/uploads\/2021\/03\/Petelin-Winter-scaled.jpg&quot;}],&quot;background_slideshow_ken_burns&quot;:&quot;yes&quot;,&quot;background_slideshow_loop&quot;:&quot;yes&quot;,&quot;background_slideshow_slide_duration&quot;:5000,&quot;background_slideshow_slide_transition&quot;:&quot;fade&quot;,&quot;background_slideshow_transition_duration&quot;:500,&quot;background_slideshow_ken_burns_zoom_direction&quot;:&quot;in&quot;}">
					<div class="elementor-shape elementor-shape-bottom" aria-hidden="true" data-negative="false">
			<svg xmlns="http://www.w3.org/2000/svg" viewbox="0 0 700 10" preserveaspectratio="none">
	<path class="elementor-shape-fill" d="M350,10L340,0h20L350,10z"/>
</svg>		</div>
					<div class="elementor-container elementor-column-gap-default">
					<div class="elementor-column elementor-col-100 elementor-top-column elementor-element elementor-element-63ecd424" data-id="63ecd424" data-element_type="column" data-e-type="column">
			<div class="elementor-widget-wrap elementor-element-populated">
						<div class="elementor-element elementor-element-3effc583 elementor-widget elementor-widget-heading" data-id="3effc583" data-element_type="widget" data-e-type="widget" data-widget_type="heading.default">
				<div class="elementor-widget-container">
					<h2 class="elementor-heading-title elementor-size-large">Cultura</h2>				</div>
				</div>
					</div>
		</div>
					</div>
		</section>
				<section class="elementor-section elementor-top-section elementor-element elementor-element-3f1eb56c elementor-section-boxed elementor-section-height-default elementor-section-height-default" data-id="3f1eb56c" data-element_type="section" data-e-type="section" data-settings="{&quot;background_background&quot;:&quot;classic&quot;}">
						<div class="elementor-container elementor-column-gap-default">
					<div class="elementor-column elementor-col-100 elementor-top-column elementor-element elementor-element-4aeaadf3" data-id="4aeaadf3" data-element_type="column" data-e-type="column">
			<div class="elementor-widget-wrap elementor-element-populated">
						<div class="elementor-element elementor-element-6e1309dd elementor-widget elementor-widget-heading" data-id="6e1309dd" data-element_type="widget" data-e-type="widget" data-widget_type="heading.default">
				<div class="elementor-widget-container">
					<h2 class="elementor-heading-title elementor-size-large">Diversità culturale a Rosegg</h2>				</div>
				</div>
				<div class="elementor-element elementor-element-3085e8f9 elementor-widget elementor-widget-heading" data-id="3085e8f9" data-element_type="widget" data-e-type="widget" data-widget_type="heading.default">
				<div class="elementor-widget-container">
					<h3 class="elementor-heading-title elementor-size-large">Galleria Šikoronja</h3>				</div>
				</div>
				<div class="elementor-element elementor-element-15cf3bf9 elementor-widget elementor-widget-text-editor" data-id="15cf3bf9" data-element_type="widget" data-e-type="widget" data-widget_type="text-editor.default">
				<div class="elementor-widget-container">
									<p>Die Galerie Šikoronja in Rosegg besteht bereits über 35 Jahre. Die Galerie ist ein Ort der permanenten kulturellen Gastfreundschaft und Grenzüberschreitung.</p><p>Questa casa porta tutto dentro di sé: il fiume, le foreste alluvionali, le Caravanche, le nuvole alla deriva, i confini, la storia, le trasformazioni della gente. Tutto ciò che ha toccato la casa è conservato. Per più di tre decenni, è stata anche soprattutto arte.</p><p> </p>								</div>
				</div>
				<div class="elementor-element elementor-element-9f66d50 elementor-widget elementor-widget-button" data-id="9f66d50" data-element_type="widget" data-e-type="widget" data-widget_type="button.default">
				<div class="elementor-widget-container">
									<div class="elementor-button-wrapper">
					<a class="elementor-button elementor-button-link elementor-size-sm" href="https://www.galerie-sikoronja.at/">
						<span class="elementor-button-content-wrapper">
									<span class="elementor-button-text">Alla pagina iniziale</span>
					</span>
					</a>
				</div>
								</div>
				</div>
				<div class="elementor-element elementor-element-ab126a0 elementor-widget-divider--view-line elementor-widget elementor-widget-divider" data-id="ab126a0" data-element_type="widget" data-e-type="widget" data-widget_type="divider.default">
				<div class="elementor-widget-container">
							<div class="elementor-divider">
			<span class="elementor-divider-separator">
						</span>
		</div>
						</div>
				</div>
				<div class="elementor-element elementor-element-43df0bd elementor-widget elementor-widget-heading" data-id="43df0bd" data-element_type="widget" data-e-type="widget" data-widget_type="heading.default">
				<div class="elementor-widget-container">
					<h3 class="elementor-heading-title elementor-size-large">mostra.ma.arte</h3>				</div>
				</div>
				<div class="elementor-element elementor-element-9ea93b1 elementor-widget elementor-widget-text-editor" data-id="9ea93b1" data-element_type="widget" data-e-type="widget" data-widget_type="text-editor.default">
				<div class="elementor-widget-container">
									<p>Dall'1 al 31 agosto 2011 si è tenuta la mostra dei dipinti realizzati durante la scuola estiva di pittura con l'artista Günther Schifko. I dipinti potevano essere ammirati durante gli orari di apertura dell'ufficio comunale di Rosegg.</p>								</div>
				</div>
				<div class="elementor-element elementor-element-f664399 elementor-widget elementor-widget-toggle" data-id="f664399" data-element_type="widget" data-e-type="widget" data-widget_type="toggle.default">
				<div class="elementor-widget-container">
							<div class="elementor-toggle">
							<div class="elementor-toggle-item">
					<div id="elementor-tab-title-2581" class="elementor-tab-title" data-tab="1" role="button" aria-controls="elementor-tab-content-2581" aria-expanded="false">
												<span class="elementor-toggle-icon elementor-toggle-icon-left" aria-hidden="true">
															<span class="elementor-toggle-icon-closed"><i class="fas fa-caret-right"></i></span>
								<span class="elementor-toggle-icon-opened"><i class="elementor-toggle-icon-opened fas fa-caret-up"></i></span>
													</span>
												<a class="elementor-toggle-title" tabindex="0">Mehr Informationen über zeig.ma.kUNSt</a>
					</div>

					<div id="elementor-tab-content-2581" class="elementor-tab-content elementor-clearfix" data-tab="1" role="region" aria-labelledby="elementor-tab-title-2581"><div class="kunst"><p>Dal 03 febbraio 2011 al 31 marzo 2011, la mostra della <strong>Scuola di pittura con l'artista Günter Schifko</strong> delle immagini create. Le immagini possono essere ammirate durante gli orari di apertura dell'ufficio del comune di Rosegg.</p><p>La presentazione dei dipinti della scuola di pittura con Günter Schifko nel 2011 ha avuto luogo il 24 febbraio 2011 dalle 15:00 alle 16:00 presso il municipio di Rosegg.</p><p>La scuola di pittura Rosegg con Günter Schiffko si è nel frattempo affermata come un appuntamento fisso per i cittadini creativi di Rosegg e si tiene a Rosegg dal 1999.</p><p>Una o due volte all'anno, l'artista Schifko viene a Rosegg e condivide preziosi consigli e trucchi della sua pittura. Introduce i partecipanti a nuove tecniche pittoriche o aiuta a rinfrescare le conoscenze già acquisite.</p><p>La scuola di pittura è durata 6 giorni ed è stata limitata a un massimo di 8 partecipanti al giorno. Sono stati realizzati dipinti di paesaggi e città, fiori, modernità e nudi.</p><p>Direttore artistico della scuola di pittura: Günter Schifko<br />Organizzazione: Ulrike Kirchenmeier, Inselweg 9, 9232 Duel<br />Info e contatti: Signora Ulrike Kirchenmeier, Tel.: 04274/50539</p><p>Chiunque può partecipare al corso di pittura e anche i nuovi partecipanti sono i benvenuti!</p><p><strong>Partecipanti alla scuola di pittura 2011: 20 persone provenienti da Rosegg e dintorni</strong><br />Brigitte Likar, Annemarie Ruppnig, Renate Götz, Brigitte Fugger, Ulrike Kirchmeier, Rosalia Zettel, Alois Simtschitsch, Karl Kopeinig, Robert Hanze, Rosalia Troller, Josefine Seidl, Franz König, Elvira Mikula, Josefine Bartl, Hermine Reiner, Sunny Kowatsch, Kerstin Jerotschitsch, Laura del negro, Werner Smretschnig, Maria Schober</p></div><hr /><div class="kunst"><p>Dal 5 al 31 gennaio 2011, nel municipio di Rosegg, si è tenuta la mostra stīll, con sculture di salice, testi e immagini di Claudia Samitz.<br />Contatto: e-Mail: <a href="mailto:c.z-samitz@gmx.at">c.z-samitz@gmx.at</a></p><p>Se, in qualità di cittadini di Rosegger, siete interessati a utilizzare i locali dell'ufficio comunale per esprimere la vostra creatività e presentare le vostre opere (quadri, sculture, foto, ...) al pubblico, contattate l'ufficio comunale (Tel. n.: 04274/2712) o inviate un'e-mail: <a href="mailto:rosegg@ktn.gde.at">rosegg@ktn.gde.at</a>.</p></div></div>
				</div>
								</div>
						</div>
				</div>
					</div>
		</div>
					</div>
		</section>
				</div>

<p>Kultur Kulturenvielfalt in Rosegg Galerie Šikoronja Die Galerie Šikoronja in Rosegg besteht bereits über 35 Jahre. Die Galerie ist ein Ort der permanenten kulturellen Gastfreundschaft und Grenzüberschreitung. Dieses Haus trägt alles in sich: den Fluss, die Auwälder, die Karawanken, die ziehenden Wolken, die Grenzen, die Geschichte, die Wandlungen der Menschen. Alles, was das Haus je [&hellip;]</p>
